 18834?
129
What is the greatest common factor of 200 and 3006850?
50
What is the greatest common divisor of 616 and 1679300?
28
Calculate the greatest common divisor of 3024 and 400512.
336
Calculate the greatest common factor of 588856002 and 168.
42
Calculate the greatest common divisor of 9918 and 1474650.
522
What is the greatest common divisor of 1276232 and 72?
8
Calculate the greatest common factor of 77 and 2543009.
7
What is the greatest common factor of 160810024 and 344?
344
What is the greatest common divisor of 24 and 63951744?
24
Calculate the greatest common factor of 64 and 3114061472.
32
Calculate the greatest common divisor of 5898695 and 84755.
1265
Calculate the greatest common factor of 492147012 and 24.
12
What is the highest common divisor of 556829 and 364?
91
What is the greatest common factor of 1388968 and 92344?
952
What is the highest common divisor of 5283529 and 15151?
139
What is the greatest common divisor of 12848 and 1556764?
44
What is the highest common divisor of 2047158 and 2844?
18
Calculate the highest common factor of 322 and 15000.
2
What is the greatest common divisor of 1177250 and 21509250?
4250
Calculate the greatest common factor of 12032 and 3816448.
256
Calculate the highest common divisor of 1115109 and 378.
9
What is the highest common factor of 214 and 42430529?
107
Calculate the greatest common factor of 316 and 860547.
79
What is the highest common factor of 24495624 and 213?
3
What is the highest common divisor of 1660 and 752835730?
830
Calculate the highest common divisor of 3996923 and 12551.
1141
Calculate the highest common factor of 104609637 and 81.
81
What is the greatest common divisor of 675 and 716559075?
675
Calculate the greatest common divisor of 200 and 1075715.
5
Calculate the greatest common factor of 384 and 17648.
16
Calculate the highest common divisor of 834403 and 1117938.
8101
What is the highest common divisor of 10048 and 71121?
157
What is the greatest common factor of 897519400 and 200?
200
Calculate the highest common divisor of 21 and 404574.
3
What is the highest common factor of 216583 and 2834?
109
What is the highest common divisor of 258 and 3341874?
258
Calculate the greatest common factor of 26686890 and 5490.
5490
Calculate the greatest common divisor of 723902 and 1886.
46
What is the highest common divisor of 779 and 69413?
41
Calculate the greatest common factor of 51 and 20618643.
3
What is the highest common factor of 3582576 and 14922?
18
Calculate the greatest common divisor of 1333246789 and 623.
623
What is the greatest common factor of 508 and 4071747?
127
Calculate the highest common divisor of 3327220 and 220.
20
What is the highest common factor of 6589121 and 770?
77
Calculate the greatest common divisor of 284028052 and 231.
77
Calculate the highest common divisor of 12159 and 6130259.
193
Calculate the greatest common divisor of 17651359 and 121.
121
What is the highest common divisor of 49 and 1689961?
49
Calculate the greatest common divisor of 83276297 and 51493.
3029
What is the highest common factor of 18784831 and 1339?
1339
Calculate the greatest common factor of 1026798 and 418.
38
Calculate the greatest common factor of 7824 and 805178272.
2608
Calculate the highest common factor of 3049593 and 48057.
579
Calculate the highest common divisor of 3213994020 and 268.
268
Calculate the highest common factor of 26204 and 932.
4
Calculate the highest common factor of 1786401 and 200917.
607
What is the highest common divisor of 945084 and 8596?
28
What is the greatest common factor of 1805 and 963115?
5
What is the highest common divisor of 2236 and 20623187?
559
Calculate the highest common factor of 253 and 28857433.
253
What is the greatest common factor of 42 and 42361998?
42
What is the highest common divisor of 512806733 and 167?
167
What is the greatest common factor of 22022 and 572110?
154
What is the highest common divisor of 44859 and 5484603?
2361
Calculate the greatest common factor of 3607950 and 4236075.
5025
What is the greatest common factor of 572 and 117076?
4
Calculate the greatest common divisor of 185 and 12802777.
37
Calculate the greatest common divisor of 1908 and 220163166.
954
Calculate the greatest common factor of 3332568 and 964729.
727
Calculate the greatest common factor of 434 and 7606109.
7
What is the greatest common factor of 3379784 and 25064?
1928
Calculate the greatest common factor of 23902589 and 67811.
1577
What is the highest common divisor of 202524195 and 15?
15
What is the greatest common factor of 453708472 and 712?
712
What is the greatest common divisor of 119962 and 16?
2
Calculate the greatest common factor of 83 and 379805593.
83
Calculate the greatest common factor of 4159470 and 2320.
290
What is the greatest common factor of 8080 and 12088?
8
What is the greatest common divisor of 912 and 101487816?
456
What is the highest common divisor of 46127327 and 17369?
1579
Calculate the greatest common factor of 13670 and 11652308.
2734
Calculate the highest common factor of 2674178 and 1640106.
4238
Calculate the highest common factor of 18802324 and 3143.
449
What is the highest common divisor of 14132 and 547615?
3533
Calculate the greatest common divisor of 174654 and 16182.
558
Calculate the greatest common factor of 1533 and 6173783.
7
Calculate the highest common divisor of 1837669491 and 5859.
5859
What is the greatest common factor of 89566343 and 212?
53
What is the greatest common divisor of 11 and 48546?
1
What is the greatest common divisor of 253185 and 1995?
15
Calculate the highest common factor of 42 and 45068226.
42
What is the highest common divisor of 374 and 65572298?
374
Calculate the highest common divisor of 1747605 and 495.
15
Calculate the highest common divisor of 14 and 1734526.
2
What is the highest common factor of 4192 and 4141303?
131
What is the greatest common divisor of 3190 and 16519096?
638
What is the highest common divisor of 63 and 6123369?
21
What is the highest common factor of 343 and 10551?
1
Calculate the highest common factor of 66 and 5214033.
33
What is the highest common divisor of 40 and 25226020?
20
Calculate the greatest common divisor of 59019 and 119892.
309
Calculate the greatest common factor of 8104 and 3356069.
1013
What is the highest common divisor of 341019 and 2478?
21
What is the greatest common factor of 11761479 and 48?
3
Calculate the greatest common factor of 28210120 and 120.
40
What is the greatest common factor of 243 and 183168?
27
Calculate the highest common factor of 640465 and 936642.
203
What is the highest common divisor of 166353 and 879477?
213
What is the highest common factor of 100225592 and 824?
824
What is the greatest common factor of 1188 and 5569?
1
What is the greatest common factor of 5459550 and 1591200?
2550
Calculate the greatest common divisor of 15652916 and 4764.
1588
What is the highest common divisor of 1477427 and 1197?
7
What is the highest common factor of 700 and 663163900?
700
What is the highest common divisor of 640714182 and 4021?
4021
What is the greatest common factor of 46376 and 1292?
68
What is the highest common factor of 9564 and 40224?
12
What is the greatest common factor of 966 and 11086989?
69
What is the highest common factor of 105 and 44709105?
105
Calculate the greatest common factor of 10915 and 16465.
185
Calculate the greatest common factor of 879 and 302225691.
879
Calculate the highest common divisor of 297038 and 4315626.
686
What is the greatest common divisor of 20799 and 291911654?
2311
What is the greatest common factor of 183 and 31717865?
61
What is the highest common divisor of 491332 and 384?
4
What is the highest common divisor of 181466363 and 1651?
1651
Calculate the highest common factor of 410729 and 8.
1
Calculate the highest common divisor of 14983043 and 52064.
1627
What is the greatest common factor of 18 and 4592385?
9
Calculate the highest common divisor of 2781 and 3611077.
103
What is the highest common divisor of 9307 and 1974228761?
9307
Calculate the highest common divisor of 203106978 and 4464.
558
What is the greatest common factor of 1801255 and 2325?
155
What is the highest common factor of 3986530 and 129?
43
Calculate the greate